899
What are the prime factors of 9662421?
3, 31, 107, 971
List the prime factors of 37079461.
137, 270653
What are the prime factors of 683700?
2, 3, 5, 43, 53
What are the prime factors of 9994166?
2, 7, 13, 89, 617
List the prime factors of 12926039.
7, 31, 59567
What are the prime factors of 29446?
2, 14723
List the prime factors of 11248085.
5, 29, 77573
What are the prime factors of 3503210?
2, 5, 43, 8147
What are the prime factors of 4659849?
3, 57529
List the prime factors of 1624894.
2, 17, 47791
List the prime factors of 232024.
2, 13, 23, 97
List the prime factors of 33662612.
2, 8415653
List the prime factors of 9679037.
19, 31, 16433
List the prime factors of 15474082.
2, 13, 595157
What are the prime factors of 21155748?
2, 3, 59, 29881
List the prime factors of 3691579.
277, 13327
List the prime factors of 23903.
11, 41, 53
What are the prime factors of 7642170?
2, 3, 5, 84913
What are the prime factors of 195326?
2, 127, 769
List the prime factors of 339726.
2, 3, 41, 1381
What are the prime factors of 19233900?
2, 3, 5, 7, 43, 71
List the prime factors of 41587.
7, 13, 457
What are the prime factors of 658258?
2, 283, 1163
List the prime factors of 10351712.
2, 7, 37, 1249
What are the prime factors of 2040418?
2, 67, 15227
List the prime factors of 27815011.
7, 397, 10009
What are the prime factors of 3449953?
13, 265381
What are the prime factors of 20792082?
2, 3, 3465347
List the prime factors of 13494792.
2, 3, 562283
What are the prime factors of 246851?
11, 22441
What are the prime factors of 2637392?
2, 164837
List the prime factors of 10653277.
10653277
List the prime factors of 1266192.
2, 3, 977
What are the prime factors of 4004133?
3, 7, 27239
List the prime factors of 151348.
2, 157, 241
What are the prime factors of 8224715?
5, 1644943
List the prime factors of 179918.
2, 89959
List the prime factors of 1113512.
2, 181, 769
List the prime factors of 1956543.
3, 29, 43, 523
List the prime factors of 2557257.
3, 197, 4327
List the prime factors of 869024.
2, 13, 2089
What are the prime factors of 4074964?
2, 29, 35129
What are the prime factors of 6092419?
1553, 3923
What are the prime factors of 6920379?
3, 768931
List the prime factors of 951532.
2, 237883
List the prime factors of 19260182.
2, 1259, 7649
List the prime factors of 26256879.
3, 11, 19, 47
What are the prime factors of 3295571?
239, 13789
List the prime factors of 20796305.
5, 43, 197, 491
What are the prime factors of 655053?
3, 7, 31193
List the prime factors of 768707.
31, 137, 181
List the prime factors of 3395692.
2, 848923
List the prime factors of 13914077.
487, 28571
List the prime factors of 4499982.
2, 3, 167, 499
List the prime factors of 26666058.
2, 3, 941, 4723
What are the prime factors of 1487709?
3, 23, 7187
What are the prime factors of 316190?
2, 5, 7, 4517
What are the prime factors of 1222249?
7, 17, 10271
What are the prime factors of 1778215?
5, 355643
What are the prime factors of 2305746?
2, 3, 43, 331
List the prime factors of 57451.
73, 787
What are the prime factors of 1470788?
2, 11, 33427
List the prime factors of 1387614.
2, 3, 231269
List the prime factors of 299576.
2, 37447
What are the prime factors of 1467903?
3, 67, 109
What are the prime factors of 25845744?
2, 3, 23, 41, 571
List the prime factors of 1573330.
2, 5, 11, 14303
What are the prime factors of 259887?
3, 86629
What are the prime factors of 951463?
19, 50077
What are the prime factors of 14827757?
7, 17, 53, 2351
List the prime factors of 167929.
307, 547
List the prime factors of 455309.
455309
List the prime factors of 1404789.
3, 29, 67, 241
List the prime factors of 14647402.
2, 7, 11, 227, 419
What are the prime factors of 774306?
2, 3, 13, 1103
List the prime factors of 233293.
233293
List the prime factors of 20341217.
13, 89, 17581
List the prime factors of 447313.
61, 7333
List the prime factors of 3885918.
2, 3, 19, 89, 383
What are the prime factors of 2456309?
1259, 1951
What are the prime factors of 4498294?
2, 23, 97789
List the prime factors of 2021459.
11, 127, 1447
List the prime factors of 592280.
2, 5, 13, 17, 67
What are the prime factors of 14168792?
2, 11, 161009
What are the prime factors of 363686?
2, 47, 53, 73
What are the prime factors of 387706?
2, 11, 17623
List the prime factors of 19713524.
2, 4928381
List the prime factors of 15240915.
3, 5, 338687
What are the prime factors of 1956432?
2, 3, 40759
List the prime factors of 180059.
11, 16369
List the prime factors of 4309736.
2, 89, 6053
What are the prime factors of 807944?
2, 23, 4391
List the prime factors of 5455000.
2, 5, 1091
What are the prime factors of 1143815?
5, 103, 2221
List the prime factors of 277911.
3, 47, 73
What are the prime factors of 396037?
23, 67, 257
List the prime factors of 3237351.
3, 13, 83009
What are the prime factors of 6569716?
2, 1109, 1481
List the prime factors of 697917.
3, 11, 21149
List the prime factors of 884569.
7, 107, 1181
List the prime factors of 43571.
11, 17, 233
What are the prime factors of 15241079?
7, 2177297
What are the prime factors of 9660075?
3, 5, 19, 6779
List the prime factors of 16458916.
2, 751, 5479
What are the prime factors of 41012?
2, 10253
What are the prime factors of 347648?
2, 7, 97
List the prime factors of 10928186.
2, 29, 188417
List the prime factors of 300846.
2, 3, 7, 13, 19, 29
What are the prime factors of 121135?
5, 7, 3461
List the prime factors of 32871735.
3, 5, 13, 83, 677
What are the prime factors of 92978?
2, 46489
List the prime factors of 297817.
13, 31, 739
List the prime factors of 75201.
3, 7, 3581
What are the prime factors of 332493?
3, 7, 71, 223
List the prime factors of 116849.
116849
List the prime factors of 112736.
2, 13, 271
List the prime factors of 194704.
2, 43, 283
List the prime factors of 450649.
450649
What are the prime factors of 733915?
5, 7, 13, 1613
List the prime factors of 68301.
3, 7589
What are the prime factors of 16196?
2, 4049
List the prime factors of 549757.
13, 3253
List the prime factors of 5613690.
2, 3, 5, 187123
What are the prime factors of 4865717?
4865717
What are the prime factors of 246924?
2, 3, 19
List the prime factors of 23776.
2, 743
What are the prime factors of 25510?
2, 5, 2551
What are the prime factors of 1382119?
107, 12917
List the prime factors of 180044.
2, 19, 23, 103
What are the prime factors of 18190318?
2, 269, 33811
What are the prime factors of 127719?
3, 23, 617
What are the prime factors of 61053?
3, 47, 433
List the prime factors of 2921812.
2, 31, 23563
List the prime factors of 514472.
2, 7, 9187
List the prime factors of 1628766.
2, 3, 41, 2207
What are the prime factors of 1109140?
2, 5, 55457
What are the prime factors of 4932848?
2, 308303
List the prime factors of 1755601.
67, 26203
What are the prime factors of 29666?
2, 7, 13, 163
List the prime factors of 7879741.
7879741
List the prime factors of 332789.
67, 4967
What are the prime factors of 11532827?
2699, 4273
List the prime factors of 266955.
3, 5, 13, 37
What are the prime factors of 672109?
439, 1531
What are the prime factors of 91209?
3, 30403
What are the prime factors of 5418015?
3, 5, 601
What are the prime factors of 84018?
2, 3, 11, 19, 67
List the prime factors of 288623.
349, 827
List the prime factors of 2617181.
7, 59, 6337
What are the prime factors of 400947?
3, 133649
List the prime factors of 209111.
7, 29873
List the prime factors of 1052999.
19, 157, 353
List the prime factors of 917991.
3, 101999
List the prime factors of 562847.
61, 9227
What are the prime factors of 1469388?
2, 3, 122449
What are the prime factors of 3118488?
2, 3, 129937
What are the prime factors of 2954067?
3, 984689
List the prime factors of 328545.
3, 5, 7, 149
What are the prime factors of 593420?
2, 5, 29671
List the prime factors of 17331685.
5, 7, 307, 1613
List the prime factors of 531706.
2, 7, 163, 233
List the prime factors of 1806332.
2, 11, 61, 673
List the prime factors of 3604176.
2, 3, 103
What are the prime factors of 368161?
23, 16007
List the prime factors of 919655.
5, 11, 23, 727
What are the prime factors of 8103289?
8103289
What are the prime factors of 517687?
79, 6553
List the prime factors of 1128685.
5, 37, 6101
What are the pr